s -7a (base 15) in base 5?
-430
What is 33 (base 11) in base 12?
30
What is 10 (base 5) in base 9?
5
Convert 22 (base 7) to base 5.
31
What is 0 (base 11) in base 10?
0
What is 35 (base 9) in base 12?
28
10 (base 3) to base 5
3
What is -210 (base 3) in base 8?
-25
-1111111 (base 2) to base 11
-106
-26 (base 15) to base 4
-210
What is 2 (base 9) in base 13?
2
Convert -153 (base 9) to base 12.
-a9
56 (base 7) to base 4
221
What is -1130 (base 6) in base 15?
-130
What is -4 (base 8) in base 9?
-4
Convert 3 (base 15) to base 2.
11
Convert -5 (base 13) to base 4.
-11
Convert -a (base 14) to base 15.
-a
10 (base 9) to base 5
14
Convert -10 (base 2) to base 11.
-2
What is -1 (base 14) in base 16?
-1
What is 1 (base 11) in base 16?
1
-10011 (base 2) to base 14
-15
What is 104 (base 10) in base 2?
1101000
51 (base 13) to base 2
1000010
What is 14 (base 5) in base 15?
9
11000 (base 2) to base 14
1a
What is -10001 (base 3) in base 10?
-82
What is -2 (base 13) in base 11?
-2
What is -122 (base 4) in base 5?
-101
What is -33 (base 6) in base 14?
-17
Convert -36 (base 14) to base 9.
-53
1 (base 15) to base 10
1
Convert -2 (base 16) to base 10.
-2
What is -2100 (base 3) in base 6?
-143
What is -453 (base 7) in base 9?
-280
What is 2 (base 4) in base 13?
2
What is 14 (base 9) in base 11?
12
Convert 140 (base 6) to base 10.
60
What is -100 (base 8) in base 15?
-44
What is -2 (base 8) in base 3?
-2
Convert -1 (base 14) to base 9.
-1
What is 40 (base 6) in base 15?
19
Convert -3 (base 13) to base 9.
-3
What is 5c (base 15) in base 2?
1010111
13 (base 9) to base 11
11
-4 (base 9) to base 15
-4
-106 (base 8) to base 7
-130
What is 23 (base 6) in base 7?
21
What is -3 (base 6) in base 15?
-3
Convert 10 (base 14) to base 9.
15
Convert -13 (base 5) to base 4.
-20
What is -100 (base 3) in base 9?
-10
What is 11 (base 4) in base 9?
5
What is -233 (base 6) in base 4?
-1131
Convert -2 (base 15) to base 2.
-10
-3 (base 8) to base 6
-3
What is 10 (base 16) in base 6?
24
Convert 14 (base 6) to base 5.
20
-103 (base 4) to base 12
-17
What is -1 (base 3) in base 4?
-1
Convert -100 (base 2) to base 9.
-4
What is 6 (base 8) in base 2?
110
-1302 (base 5) to base 16
-ca
What is -2b (base 16) in base 4?
-223
50 (base 9) to base 14
33
What is 21 (base 5) in base 15?
b
Convert -46 (base 8) to base 11.
-35
Convert 0 (base 12) to base 7.
0
0 (base 15) to base 7
0
Convert 0 (base 7) to base 9.
0
233 (base 4) to base 15
32
11 (base 9) to base 11
a
17 (base 15) to base 4
112
-4 (base 7) to base 4
-10
Convert 2 (base 12) to base 11.
2
Convert -1311 (base 5) to base 7.
-413
Convert 12 (base 4) to base 11.
6
-3 (base 8) to base 11
-3
-8 (base 9) to base 11
-8
Convert 13 (base 6) to base 8.
11
What is -244 (base 8) in base 6?
-432
544 (base 6) to base 12
154
Convert 120022 (base 3) to base 16.
19d
What is -1 (base 4) in base 3?
-1
-101001 (base 3) to base 6
-1131
2 (base 8) to base 10
2
Convert -99 (base 14) to base 5.
-1020
6 (base 15) to base 7
6
What is 0 (base 6) in base 11?
0
What is a (base 11) in base 12?
a
Convert 3 (base 14) to base 13.
3
Convert 32 (base 4) to base 11.
13
67 (base 10) to base 4
1003
Convert 3 (base 12) to base 16.
3
What is 6 (base 10) in base 9?
6
-18 (base 14) to base 11
-20
1 (base 7) to base 11
1
-3 (base 14) to base 15
-3
What is -98 (base 15) in base 14?
-a3
What is 0 (base 4) in base 8?
0
What is -2 (base 15) in base 6?
-2
What is -151 (base 8) in base 5?
-410
-11001 (base 2) to base 15
-1a
Convert -103 (base 4) to base 14.
-15
2 (base 6) to base 12
2
10010 (base 2) to base 15
13
Convert -13 (base 5) to base 3.
-22
-3 (base 15) to base 3
-10
What is 4 (base 7) in base 13?
4
52 (base 12) to base 9
68
-12 (base 15) to base 14
-13
What is -115 (base 6) in base 5?
-142
Convert -40 (base 9) to base 13.
-2a
What is 1 (base 2) in base 15?
1
What is -221 (base 4) in base 15?
-2b
Convert 10 (base 4) to base 9.
4
Convert 1 (base 9) to base 13.
1
53 (base 8) to base 9
47
What is 1e (base 16) in base 15?
20
-432 (base 6) to base 14
-ba
Convert -19 (base 11) to base 7.
-26
What is 1a (base 13) in base 8?
27
What is -47 (base 15) in base 5?
-232
What is 0 (base 7) in base 6?
0
What is -1 (base 11) in base 7?
-1
Convert 1 (base 12) to base 13.
1
Convert -23 (base 4) to base 12.
-b
Convert 53 (base 8) to base 5.
133
What is -9 (base 14) in base 10?
-9
What is 86 (base 12) in base 15?
6c
What is 113 (base 10) in base 15?
78
What is 0 (base 6) in base 11?
0
Convert 3 (base 6) to base 12.
3
Convert -2 (base 9) to base 13.
-2
What is -2 (base 14) in base 8?
-2
What is 45 (base 8) in base 9?
41
What is 32 (base 15) in base 9?
52
-3a (base 15) to base 7
-106
-144 (base 13) to base 14
-121
-3 (base 9) to base 16
-3
Convert -60 (base 13) to base 15.
-53
-3 (base 9) to base 12
-3
Convert d (base 16) to base 13.
10
10 (base 3) to base 4
3
What is 2 (base 4) in base 3?
2
What is 6 (base 16) in base 10?
6
114 (base 14) to base 6
554
Convert -21 (base 7) to base 2.
-1111
Convert 212 (base 10) to base 11.
183
-1341 (base 5) to base 2
-11011101
What is 21 (base 13) in base 8?
33
3 (base 9) to base 2
11
What is 1 (base 10) in base 9?
1
What is -b (base 14) in base 7?
-14
Convert -1 (base 8) to base 14.
-1
What is -111 (base 5) in base 13?
-25
Convert 12 (base 10) to base 5.
22
23 (base 7) to base 15
12
What is 7 (base 11) in base 12?
7
What is -1132 (base 4) in base 13?
-73
Convert 11001 (base 2) to base 3.
221
Convert 4 (base 16) to base 10.
4
Convert 7d (base 16) to base 14.
8d
2 (base 14) to base 12
2
Convert 1011 (base 2) to base 7.
14
What is -164 (base 8) in base 16?
-74
13 (base 14) to base 11
16
Convert 11 (base 15) to base 16.
10
9 (base 16) to base 8
11
What is -11 (base 6) in base 13?
-7
What is -3 (base 12) in base 3?
-10
Convert -3 (base 5) to base 8.
-3
Convert 0 (base 10) to base 13.
0
What is 5 (base 11) in base 8?
5
-1a (base 11) to base 10
-21
Convert -10 (base 8) to base 14.
-8
7 (base 10) to base 15
7
What is 20 (base 11) in base 9?
24
-1b (base 14) to base 2
-11001
-1 (base 2) to base 11
-1
4 (base 8) to base 14
4
0 (base 12) to base 8
0
Convert 2 (base 12) to base 7.
2
What is 234 (base 6) in base 8?
136
What is -10 (base 2) in base 15?
-2
What is 5 (base 15) in base 11?
5
Convert -9a (base 15) to base 8.
-221
Convert -10 (base 4) to base 3.
-11
76 (base 10) to base 12
64
What is -1bc (base 14) in base 16?
-16a
Convert -1 (base 7) to base 2.
-1
What is 5 (base 10) in base 7?
5
Convert 4 (base 7) to base 4.
10
What is -57 (base 12) in base 5?
-232
Convert 2 (base 16) to base 15.
2
What is 1 (base 12) in base 6?
1
Convert -4 (base 11) to base 5.
-4
Convert -11 (base 3) to base 4.
-10
Convert -11 (base 7) to base 5.
-13
Convert -122 (base 3) to base 12.
-15
-14 (base 9) to base 16
-d
What is -8 (base 12) in base 2?
-1000
31 (base 11) to base 7
46
Convert -1 (base 13) to base 6.
-1
Convert 0 (base 11) to base 7.
0
What is -14 (base 10) in base 4?
-32
What is -c (base 14) in base 13?
-c
What is 2 (base 6) in base 8?
2
What is 152 (base 14) in base 6?
1124
Convert -48 (base 11) to base 14.
-3a
97 (base 10) to base 15
67
52 (base 9) to base 7
65
What is 1110 (base 4) in base 6?
220
-2 (base 7) to base 10
-2
What is -1 (base 2) in base 8?
-1
Convert -1 (base 16) to base 3.
-1
What is -3 (base 10) in base 3?
-10
-10 (base 13) to base 4
-31
-18 (base 10) to base 2
-10010
2 (base 9) to base 3
2
a2 (base 13) to base 5
1012
Convert -3 (base 7) to base 2.
-11
Convert -5 (base 12) to base 5.
-10
What is 2 (base 11) in base 14?
2
-42 (base 10) to base 2
-101010
-29 (base 11) to base 7
-43
Convert 9 (base 14) to base 7.
12
What is 435 (base 6) in base 10?
167
What is 1100 (base 2) in base 11?
11
What is 24 (base 10) in base 3?
220
14 (base 15) to base 13
16
Convert 14 (base 12) to base 5.
31
6 (base 15) to base 11
6
Convert 110 (base 14) to base 8.
322
What is 14 (base 5) in base 13?
9
10 (base 2) to base 14
2
Convert 101100 (base 2) to base 16.
2c
What is 4 (base 7) in base 5?
4
What is -141 (base 7) in base 12?
-66
What is -10 (base 9) in base 12?
-9
Convert -3 (base 8) to base 5.
-3
What is -20 (base 7) in base 14?
-10
What is -10 (base 10) in base 6?
-14
What is 113 (base 14) in base 5?
1323
Convert 1 (base 11) to base 9.
1
What is 5 (base 8) in base 11?
5
Convert -100 (base 